
What is the tens digit of 591?
9
What is the units digit of 94?
4
What is the thousands digit of 3079?
3
What is the ten thousands digit of 33262?
3
What is the thousands digit of 1224?
1
What is the hundreds digit of 34053?
0
What is the ten thousands digit of 14185?
1
What is the hundreds digit of 792?
7
What is the hundreds digit of 3071?
0
What is the thousands digit of 9791?
9
What is the thousands digit of 11485?
1
What is the thousands digit of 1884?
1
What is the units digit of 29336?
6
What is the thousands digit of 3487?
3
What is the tens digit of 103?
0
What is the tens digit of 806?
0
What is the hundreds digit of 717?
7
What is the tens digit of 1558?
5
What is the thousands digit of 43021?
3
What is the units digit of 362?
2
What is the units digit of 7137?
7
What is the units digit of 5798?
8
What is the ten thousands digit of 65590?
6
What is the hundreds digit of 987?
9
What is the hundreds digit of 3027?
0
What is the hundreds digit of 10618?
6
What is the units digit of 37823?
3
What is the units digit of 452?
2
What is the thousands digit of 4013?
4
What is the tens digit of 92418?
1
What is the ten thousands digit of 14841?
1
What is the units digit of 32934?
4
What is the units digit of 126?
6
What is the hundreds digit of 255?
2
What is the tens digit of 1737?
3
What is the units digit of 31346?
6
What is the tens digit of 2409?
0
What is the units digit of 7134?
4
What is the thousands digit of 1064?
1
What is the tens digit of 6517?
1
What is the hundreds digit of 1223?
2
What is the thousands digit of 5269?
5
What is the hundreds digit of 1624?
6
What is the tens digit of 879?
7
What is the units digit of 59982?
2
What is the hundreds digit of 53654?
6
What is the ten thousands digit of 121749?
2
What is the hundreds digit of 12647?
6
What is the thousands digit of 12570?
2
What is the units digit of 509?
9
What is the thousands digit of 5627?
5
What is the tens digit of 1417?
1
What is the thousands digit of 15811?
5
What is the tens digit of 30883?
8
What is the units digit of 366?
6
What is the tens digit of 1794?
9
What is the units digit of 4094?
4
What is the hundreds digit of 1693?
6
What is the thousands digit of 6318?
6
What is the hundreds digit of 461?
4
What is the tens digit of 2393?
9
What is the tens digit of 38544?
4
What is the units digit of 1770?
0
What is the thousands digit of 4444?
4
What is the units digit of 1193?
3
What is the tens digit of 4110?
1
What is the hundreds digit of 754?
7
What is the tens digit of 65549?
4
What is the hundreds digit of 5184?
1
What is the ten thousands digit of 12657?
1
What is the tens digit of 33062?
6
What is the thousands digit of 5790?
5
What is the hundreds digit of 5456?
4
What is the ten thousands digit of 76566?
7
What is the units digit of 720?
0
What is the units digit of 65815?
5
What is the hundreds digit of 114509?
5
What is the ten thousands digit of 18133?
1
What is the ten thousands digit of 17213?
1
What is the tens digit of 267?
6
What is the hundreds digit of 8808?
8
What is the units digit of 99?
9
What is the hundreds digit of 15891?
8
What is the units digit of 584?
4
What is the hundreds digit of 3718?
7
What is the hundreds digit of 718?
7
What is the units digit of 1060?
0
What is the hundreds digit of 46794?
7
What is the hundreds digit of 5729?
7
What is the tens digit of 4240?
4
What is the units digit of 2463?
3
What is the thousands digit of 10094?
0
What is the hundreds digit of 2205?
2
What is the units digit of 4061?
1
What is the tens digit of 533?
3
What is the thousands digit of 49092?
9
What is the hundreds digit of 2816?
8
What is the thousands digit of 21571?
1
What is the hundreds digit of 67889?
8
What is the units digit of 10637?
7
What is the units digit of 1646?
6
What is the tens digit of 39593?
9
What is the units digit of 899?
9
What is the tens digit of 2275?
7
What is the tens digit of 4160?
6
What is the thousands digit of 1580?
1
What is the hundreds digit of 10201?
2
What is the units digit of 123026?
6
What is the tens digit of 14984?
8
What is the thousands digit of 22721?
2
What is the units digit of 8902?
2
What is the thousands digit of 1833?
1
What is the tens digit of 2346?
4
What is the ten thousands digit of 22983?
2
What is the thousands digit of 3593?
3
What is the hundreds digit of 1419?
4
What is the tens digit of 1765?
6
What is the tens digit of 1558?
5
What is the units digit of 3306?
6
What is the hundreds digit of 1651?
6
What is the hundreds digit of 209605?
6
What is the hundreds digit of 4407?
4
What is the units digit of 63258?
8
What is the units digit of 32?
2
What is the hundreds digit of 86464?
4
What is the units digit of 492?
2
What is the hundreds digit of 54377?
3
What is the tens digit of 1019?
1
What is the tens digit of 8821?
2
What is the hundreds digit of 39451?
4
What is the hundred thousands digit of 148493?
1
What is the thousands digit of 5811?
5
What is the hundreds digit of 3340?
3
What is the hundred thousands digit of 100591?
1
What is the thousands digit of 11392?
1
What is the units digit of 871?
1
What is the ten thousands digit of 19063?
1
What is the tens digit of 4236?
3
What is the units digit of 50719?
9
What is the tens digit of 111871?
7
What is the tens digit of 5318?
1
What is the hundreds digit of 741?
7
What is the ten thousands digit of 46801?
4
What is the thousands digit of 15659?
5
What is the units digit of 4561?
1
What is the hundreds digit of 7587?
5
What is the thousands digit of 17070?
7
What is the hundreds digit of 8825?
8
What is the hundreds digit of 4355?
3
What is the tens digit of 44365?
6
What is the ten thousands digit of 45619?
4
What is the units digit of 934?
4
What is the tens digit of 3878?
7
What is the hundreds digit of 85406?
4
What is the thousands digit of 87964?
7
What is the hundreds digit of 6924?
9
What is the tens digit of 39506?
0
What is the thousands digit of 3430?
3
What is the thousands digit of 129918?
9
What is the hundreds digit of 2290?
2
What is the units digit of 60247?
7
What is the tens digit of 2070?
7
What is the ten thousands digit of 83032?
8
What is the hundreds digit of 2941?
9
What is the units digit of 119?
9
What is the hundreds digit of 1103?
1
What is the units digit of 850?
0
What is the hundreds digit of 3092?
0
What is the hundreds digit of 185?
1
What is the tens digit of 749?
4
What is the thousands digit of 85164?
5
What is the tens digit of 1659?
5
What is the tens digit of 16879?
7
What is the hundreds digit of 2586?
5
What is the ten thousands digit of 31444?
3
What is the tens digit of 700?
0
What is the units digit of 58710?
0
What is the thousands digit of 9416?
9
What is the units digit of 21777?
7
What is the units digit of 4678?
8
What is the tens digit of 107389?
8
What is the ten thousands digit of 68889?
6
What is the units digit of 58973?
3
What is the units digit of 1141?
1
What is the units digit of 14910?
0
What is the hundreds digit of 805?
8
What is the units digit of 1558?
8
What is the ten thousands digit of 60189?
6
What is the units digit of 12296?
6
What is the units digit of 4460?
0
What is the tens digit of 3248?
4
What is the tens digit of 4510?
1
What is the units digit of 65?
5
What is the tens digit of 668?
6
What is the tens digit of 189?
8
What is the tens digit of 3474?
7
What is the thousands digit of 10666?
0
What is the tens digit of 1947?
4
What is the tens digit of 264?
6
What is the units digit of 985?
5
What is the tens digit of 2835?
3
What is the hundreds digit of 801?
8
What is the ten thousands digit of 25032?
2
What is the thousands digit of 7041?
7
What is the hundred thousands digit of 128314?
1
What is the units digit of 683?
3
What is the tens digit of 37108?
0
What is the thousands digit of 22406?
2
What is the units digit of 3472?
2
What is the units digit of 4073?
3
What is the hundreds digit of 4644?
6
What is the tens digit of 31472?
7
What is the units digit of 2638?
8
What is the hundreds digit of 986?
9
What is the units digit of 2759?
9
What is the hundreds digit of 1172?
1
What is the tens digit of 53949?
4
What is the units digit of 7386?
6
What is the units digit of 72682?
2
What is the units digit of 790?
0
What is the thousand